323 and 138?
3
Calculate the highest common factor of 56 and 30610376.
8
What is the greatest common factor of 6 and 322972?
2
What is the greatest common factor of 15846 and 1933402?
38
What is the highest common divisor of 1028 and 1527844183?
257
What is the highest common divisor of 41865 and 3645?
15
What is the highest common divisor of 13407184 and 241472?
5488
What is the highest common factor of 228 and 75523632?
228
What is the greatest common factor of 147244725 and 25?
25
Calculate the highest common divisor of 26 and 377726830.
26
What is the highest common divisor of 1428463 and 4768?
149
Calculate the highest common divisor of 386982 and 3582.
18
What is the highest common divisor of 17280 and 2869344?
864
Calculate the highest common factor of 832179 and 36249.
129
Calculate the greatest common divisor of 215 and 264598651.
43
What is the greatest common divisor of 93316312 and 5224?
5224
Calculate the greatest common factor of 2262 and 23869911.
39
Calculate the highest common divisor of 43575 and 1572750.
75
What is the greatest common factor of 2781 and 13722381?
927
What is the greatest common factor of 545340 and 25071?
183
Calculate the highest common factor of 13910 and 5653024.
2782
Calculate the greatest common factor of 5122 and 1290350.
394
What is the greatest common factor of 18084 and 2577?
3
Calculate the greatest common factor of 410 and 87980.
10
Calculate the highest common factor of 21642621 and 16632.
231
Calculate the greatest common divisor of 18 and 36504207.
9
What is the greatest common factor of 184080672 and 288?
288
Calculate the greatest common factor of 42613 and 1388391.
991
What is the highest common factor of 332500 and 371000?
3500
What is the greatest common divisor of 28306490 and 79000?
790
Calculate the greatest common factor of 8512 and 177408.
448
What is the highest common divisor of 3216 and 9504?
48
Calculate the greatest common divisor of 262320 and 1933200.
240
Calculate the greatest common factor of 8 and 769516320.
8
Calculate the highest common factor of 4840950 and 342422.
1094
Calculate the highest common divisor of 324654 and 92862.
66
What is the highest common factor of 686686 and 1300?
26
Calculate the highest common divisor of 7294572 and 144.
36
Calculate the greatest common divisor of 1007026944 and 462.
462
What is the highest common divisor of 1153545 and 8658117?
4353
What is the highest common divisor of 8918267 and 332?
83
Calculate the highest common factor of 306 and 47274.
6
Calculate the greatest common factor of 48718223 and 38.
19
Calculate the highest common factor of 2820 and 509344170.
1410
What is the highest common divisor of 1513 and 3704096?
17
Calculate the highest common divisor of 79744 and 600928.
2848
What is the highest common factor of 106 and 25831935?
53
What is the highest common factor of 1526693 and 47677?
343
Calculate the highest common factor of 36 and 92427316.
4
Calculate the highest common factor of 11325225 and 58928.
3683
Calculate the greatest common divisor of 14986570 and 169280.
5290
What is the highest common factor of 1120932 and 45261?
963
Calculate the highest common factor of 206858 and 41654.
706
What is the highest common divisor of 16617320 and 1410?
470
Calculate the highest common divisor of 55 and 1212035.
55
Calculate the highest common factor of 22261335 and 3580.
895
What is the highest common factor of 604 and 715488736?
604
Calculate the highest common factor of 2387123 and 272.
17
Calculate the greatest common factor of 6814367 and 336.
7
Calculate the highest common factor of 614 and 290650.
2
Calculate the highest common divisor of 47304513 and 13959.
1269
Calculate the greatest common divisor of 4760068 and 136.
68
What is the greatest common factor of 481543533 and 4535?
907
What is the highest common divisor of 971842 and 32547?
571
Calculate the highest common factor of 2811 and 131417061.
2811
What is the greatest common divisor of 262797 and 92136?
1047
Calculate the highest common divisor of 2496 and 5838248.
104
Calculate the highest common factor of 17015 and 385195.
205
What is the highest common factor of 1622509 and 17360?
217
Calculate the greatest common divisor of 78153416 and 1936.
968
What is the highest common divisor of 40 and 261514?
2
Calculate the highest common factor of 6684462 and 234.
18
Calculate the highest common factor of 4043615 and 4740.
395
Calculate the greatest common divisor of 2946 and 106037342.
982
What is the highest common divisor of 3836 and 8896944?
28
Calculate the greatest common factor of 19528 and 18320.
8
What is the highest common factor of 14 and 5549201?
7
What is the greatest common factor of 465852 and 276?
12
Calculate the greatest common factor of 23779 and 1475201.
301
What is the highest common factor of 152479923 and 6036?
1509
Calculate the greatest common divisor of 2968 and 7976129.
371
Calculate the highest common factor of 1468 and 120952924.
1468
Calculate the highest common divisor of 489763 and 3316583.
3287
What is the highest common factor of 8946 and 478422?
126
What is the greatest common divisor of 422887 and 710131?
7979
Calculate the greatest common factor of 28697838 and 195.
39
Calculate the greatest common divisor of 382824 and 886712.
3272
What is the highest common divisor of 1220269 and 48263?
167
What is the highest common divisor of 8448 and 23389938?
66
What is the greatest common divisor of 1249925 and 17?
17
Calculate the greatest common factor of 3892850 and 104.
26
What is the highest common divisor of 1618805 and 315795?
2845
What is the greatest common divisor of 380 and 50977380?
380
Calculate the greatest common divisor of 30177147 and 11011.
1001
Calculate the greatest common divisor of 18463780 and 133900.
2060
Calculate the highest common factor of 980 and 819035.
245
What is the highest common divisor of 585 and 11317545?
45
Calculate the highest common factor of 8040 and 1509912.
1608
What is the highest common divisor of 5864026 and 1484?
742
What is the highest common factor of 156 and 68504319?
39
Calculate the greatest common factor of 226258 and 4002.
58
What is the highest common divisor of 344 and 66284?
4
What is the highest common divisor of 9110 and 455960966?
1822
What is the greatest common factor of 39513899 and 1227?
409
What is the highest common divisor of 51463 and 106?
53
What is the greatest common factor of 925975599 and 3?
3
Calculate the highest common factor of 117 and 9900441.
9
What is the greatest common divisor of 34075 and 348975?
1175
Calculate the greatest common divisor of 2724687 and 2916837.
3843
What is the highest common factor of 20623 and 5207?
41
Calculate the highest common factor of 7803 and 10207480.
289
What is the highest common divisor of 542096148 and 264?
132
Calculate the highest common divisor of 1948 and 322610228.
1948
What is the highest common factor of 4574163 and 6897?
363
What is the greatest common divisor of 37469655 and 6410?
3205
Calculate the highest common factor of 187136 and 500735.
731
What is the greatest common factor of 2305805 and 20?
5
Calculate the greatest common factor of 3704665 and 129.
43
Calculate the highest common divisor of 279840880 and 88.
88
Calculate the greatest common divisor of 48 and 5896284.
12
Calculate the greatest common divisor of 218693 and 31976.
571
Calculate the highest common divisor of 5542302 and 354.
6
Calculate the highest common divisor of 10190164 and 59057.
809
Calculate the greatest common factor of 346825 and 275.
25
Calculate the highest common divisor of 125 and 80283475.
25
What is the highest common factor of 2571660 and 6825?
1365
Calculate the greatest common divisor of 954 and 37872528.
318
What is the highest common divisor of 13785 and 3720?
15
Calculate the highest common factor of 118 and 368974.
2
Calculate the highest common factor of 662653 and 6003.
23
Calculate the greatest common divisor of 8532638 and 284.
142
What is the highest common factor of 677402 and 33919666?
16522
Calculate the highest common divisor of 172250081 and 565.
113
Calculate the greatest common factor of 26369456 and 4144.
592
What is the highest common divisor of 28555247 and 93?
31
Calculate the highest common divisor of